vided by 19.
13
Suppose -394*o + 6117 + 42739 = 0. What is the remainder when 836 is divided by o?
92
Suppose 0 = 20*x - 16*x + 40. What is the remainder when 5140/44 + x/(-55) is divided by 40?
37
Let j = -5 - -10. Suppose -b + 43 = 3*a, -b - 4*a + j = -42. Suppose -3*f + 8*s - 5*s = -261, 95 = f + s. What is the remainder when f is divided by b?
29
Let m be (-6)/4*(-8)/6. Let j = 12541 + -12486. Suppose -2*c + 115 = 5*b, -6*c + m*c + j = 3*b. Calculate the remainder when 49 is divided by b.
24
Let x be 8 + (1 - -2) + -7. Suppose 0 + 48 = x*p. What is the remainder when 860/p + 2/6 is divided by 15?
12
Let b(l) = -l**2 - 19*l + 4532. Calculate the remainder when b(-72) is divided by 156.
92
Suppose 0 = 2*v + 2*v - 248. Let u be 7/((-14)/180) + 27/9. Let k = -66 - u. What is the remainder when v is divided by k?
20
What is the remainder when 1667 is divided by 44 - 12306/378 - 4/9?
6
Suppose 24 = -4*p - 3*j + 23, 12 = 2*p + 4*j. Let a(f) be the second derivative of -f**3/2 + 3*f. Calculate the remainder when 71 is divided by a(p).
11
Let c = 3680 + -2575. Suppose 0*m - c = -13*m. What is the remainder when m is divided by 13?
7
Let u(m) = m**3 - 26 + 23 + 2*m + 42 + 11*m**2 + 11*m. Suppose -9*h = -8*h - 9. Calculate the remainder when u(-10) is divided by h.
0
Let a = -4819 - -4898. Calculate the remainder when 559 is divided by a.
6
Suppose -3*b - 74 = -4*z + 83, -81 = -3*z - 3*b. What is the remainder when 384 is divided by z?
10
Suppose 0 = y - 2*u - 894 + 90, 0 = y + 5*u - 839. What is the remainder when y is divided by 163?
162
Let g(y) = -y**3 - 18*y**2 - 13*y - 15. Let a be g(-17). Let n = -76 - a. Suppose -n*i + 41 = -176. Calculate the remainder when 152 is divided by i.
28
Let i(f) = -f**3 - 30*f**2 - 119*f - 48. Let c(u) = 6*u**2 + 105*u + 25. Let p be c(-17). Calculate the remainder when i(p) is divided by 49.
48
Let b(x) = -x**3 + 66*x**2 + 84*x - 972. What is the remainder when 1030 is divided by b(67)?
28
Let m = 876 - 620. What is the remainder when (11 + -8 + 1 + -3)*m is divided by 26?
22
Suppose -2*v = -f - 2, 0 = f - 3*v + 3 - 1. Let y be (f/((-48)/(-102)))/(2/(-8)). Suppose k = 3 + y. What is the remainder when 39 is divided by k?
19
Let u(z) = -2*z**2 + 22*z - 2. Let f be u(11). Let j = 9 + f. Let t(m) = -m**2 + 22. What is the remainder when t(0) is divided by j?
1
Let h = -180379 + 180411. Let x = 9 + -2. Calculate the remainder when h is divided by x.
4
Let j(w) = -w**3 + 4*w + 5. Let g be j(-2). Suppose 2*y - g*n = 13, -8*n + 3*n + 5 = 0. Let o = -73 + 115. Calculate the remainder when o is divided by y.
6
Let h(v) = 2*v**3 + v - 2. Let i be h(1). What is the remainder when 76 is divided by ((-72)/54)/(46/(-42) + i)?
6
What is the remainder when 343 is divided by -2 - (0 - -248)/(-8)?
24
Let s(p) = 3*p**3 + 8*p**3 + 3*p**2 - 8*p - 7 - 3*p**3 - 7*p**3. Calculate the remainder when 24 is divided by s(-4).
6
Suppose 4*k = k - g + 161, 5*k - 4*g - 274 = 0. Let n = k + -54. What is the remainder when 21 is divided by n - (6/(-9) - 34/3)?
9
Let q = -18 - -20. Let r = 142 + -137. Suppose -13*d - r = -12*d, -23 = -4*z - d. What is the remainder when z is divided by q?
1
Let b = -3802 - -3848. Let d = 33 + 96. Calculate the remainder when d is divided by b.
37
Suppose 34 = q + q + 3*x, 5*x - 20 = 0. Suppose -3*a - 8 = -q. Calculate the remainder when 23 is divided by (-6)/(-3 + a) - -9.
11
Let h(r) = -r**2 + 15*r - 39. Let p be (6 - (-31)/(-5)) + (-108)/(-15). Calculate the remainder when 48 is divided by h(p).
14
Let r(z) = 2*z**3 - 75*z**2 + 55*z - 597. Calculate the remainder when 234 is divided by r(37).
27
Suppose -429 = -7*w + 271. Calculate the remainder when 506 is divided by w.
6
Let o = 32 - 28. What is the remainder when 870/50*(-50)/(-15) is divided by o?
2
Suppose -45*b + 2686 + 1403 + 1986 = 0. What is the remainder when 513 is divided by b?
108
Let f(i) = 37*i - 325. Let q(r) be the third derivative of r**4/4 + 2*r**3/3 - 2*r**2. Calculate the remainder when f(11) is divided by q(4).
26
Let v = 130 - 60. Suppose -2*g - 2*g = 4. What is the remainder when v is divided by (-3)/(3/(-19)) + g?
16
Suppose 0 = 6*u - 607 + 157. Suppose 0 = 5*w - 20, 0 = 2*b - w + u - 209. What is the remainder when b is divided by 14?
13
Suppose 0 = 2*a + g + 2, g + 10 = 2*a + 8. Let z = -2 - -5. Suppose -47 = -z*c - 5*t, -3*c + a*c = 4*t - 43. What is the remainder when c is divided by 3?
0
Suppose -3*g + 26 - 5 = 0. Let i be 522/(-29)*(-5)/3. What is the remainder when ((-20)/(-9))/(i/135) is divided by g?
3
Suppose 255 = -w + 1507. Suppose -5*j = -w - 148. Suppose -3*b = 5*b - j. What is the remainder when b is divided by 19?
16
Let q(b) = 8*b**2 - 42*b + 644. What is the remainder when q(30) is divided by 244?
240
Let u(q) = q**2 - 93*q + 2170. What is the remainder when 2123 is divided by u(36)?
117
Let g be (-18)/(-48) - 38/16. Let q be 12/(21/6 + (-4 - g)). Suppose -8 = -d + q. What is the remainder when 61 is divided by d?
13
What is the remainder when 110 is divided by 130*-3*(-2)/15 + -2?
10
Let p(g) = 25*g + 54. Let t be p(-3). Let w(z) = z**3 + 20*z**2 - 33*z - 238. Calculate the remainder when w(t) is divided by (-4 + -1)/(-3 + 2).
4
Let g be (34 + 0)*(9 - 8). Suppose -g*n + 6*n = -3052. Calculate the remainder when n is divided by 56/6*(-3)/(-1).
25
Suppose 10*u = 9*u. Suppose 31*h + u*h - 341 = 0. What is the remainder when 33 is divided by h?
0
Let n be (-5)/6*(4 + -10). Suppose -n*q + 23 = 3*m, -4*q + 9 - 28 = -m. What is the remainder when m is divided by (-4)/6*-3*4?
3
Suppose 4*u = -5*m + 517, -5*u = -4*m + 154 - 872. What is the remainder when u is divided by 118?
20
Suppose 3*g - 642 = -4*n, g + 2*n - 207 = 3*n. Suppose -7*f + g = -126. Let r = 15 - 5. Calculate the remainder when f is divided by r.
8
Suppose p - 24 - 24 = 0. Suppose 2*q = -5*y + 23700 - 23718, -3*y = 5*q - 50. Calculate the remainder when p is divided by q.
0
Let p(w) be the first derivative of -2*w**3/3 + 23*w**2 - 47*w - 136. What is the remainder when 59 is divided by p(21)?
22
Let f = 15180 - 15166. Let x(z) = 3*z + 2. What is the remainder when x(7) is divided by f?
9
Let y = 570 - -4942. What is the remainder when y is divided by 28?
24
What is the remainder when ((120/5 - (-1)/1)*138)/2 is divided by 64?
61
What is the remainder when 177 + 6/(180/(-10))*24 is divided by 56?
1
Let t(p) = 490*p**3 - p**2 + 33*p - 35. Calculate the remainder when t(1) is divided by 10.
7
Suppose 2*p = 3*w - p - 2580, -4*w + 3405 = 3*p. What is the remainder when w is divided by 26?
23
What is the remainder when (-1008560)/(-420)*(-6)/(-8) is divided by 11?
8
Suppose 33*x - 93 = 30*x. Suppose 11*j + 13*j = 1704. What is the remainder when j is divided by x?
9
Let j = -33545 - -33614. Calculate the remainder when 2275 is divided by j.
67
Let h be (1950/105)/((-1)/(-7)). Suppose 0 = r - 5*o - 139, -2*r + 2*o = -172 - h. Calculate the remainder when r is divided by 40.
34
Let g = -26098 - -26294. What is the remainder when 748 is divided by g?
160
Let p = -294 - -319. Let x = 183 - p. What is the remainder when x is divided by 53?
52
Let j = 22350 - 22262. What is the remainder when 2574 is divided by j?
22
Suppose -174*k + 1537 = -173*k + 2*u, -2*u - 3074 = -2*k. What is the remainder when k is divided by 19?
17
Suppose 2*p = -4*r + 11184, 0 = -4*p - 26 + 18. What is the remainder when r is divided by 919?
40
Let a = -3901 + 3986. What is the remainder when 248 is divided by a?
78
Calculate the remainder when ((-38)/88 - (-4)/22)/(238/(-200872)) is divided by 66.
13
What is the remainder when -5*(22/(-121) + 166/(-55)) is divided by 2?
0
Let z = -7692 + 7698. What is the remainder when 0/1 - (0 + -195) is divided by z?
3
Suppose 0 = 25*i - 83*i + 11252. What is the remainder when i is divided by 39?
38
Let m = -4812 - -4852. What is the remainder when m is divided by 13?
1
Let x be (-5 + 5 - 0)/1. Suppose -203*w + 197*w + 6 = x. What is the remainder when 14 is divided by w?
0
Calculate the remainder when 501 is divided by 7/((6/42)/1) + -2.
31
Suppose -40*k + 1203 = -597. Calculate the remainder when 18266 is divided by k.
41
Let o(t) = 4*t + 137. Let d be o(-33). Suppose -3*n = -2*h - 338, 0 = 4*h - d*h - 1. What is the remainder when n is divided by 30?
